. Is -3*2/14 - j/21 composite?
False
Let m be (-5 - -9) + (1 - -1). Suppose -2*j - 8 = -m*j. Suppose -5*g + 1585 = j*f + 3*f, -4*f = 3*g - 1270. Is f a prime number?
False
Let o = 168 - 88. Suppose 2*d = 1010 + o. Is d a prime number?
False
Let q(j) = 88*j + 13841. Is q(0) a prime number?
True
Is 40551/14*10/6*2 a composite number?
True
Suppose -4*d = -l - 3*l - 4, 4*d = 4. Let c(x) = -x**3 + 3. Let q be c(l). Suppose -4*b = -5*z + 831, 205 = q*z - 2*b - 292. Is z prime?
True
Suppose 0 = 11*j - 4487 - 7866. Is j a composite number?
False
Let w(i) = -2*i - 2. Let f be w(-3). Let q(d) = 27*d**3 - 3*d**2 + 7*d - 7. Let c be q(4). Suppose f*k - 3*l - c = -627, 2*k - 3*l = 540. Is k prime?
False
Let z(c) = 3 - 9*c - 4 + 60*c**2 - 16. Is z(-4) a prime number?
False
Let c(r) = r**3 + 6*r**2 - 10*r - 5. Let z be c(-6). Suppose w + 12 = -o + 4*w, 0 = -3*o + 4*w - 11. Suppose 2*t + k = o*k + 28, -4*t + z = -5*k. Is t prime?
False
Let t(q) = 313*q**2 + 13*q - 21. Is t(4) a prime number?
True
Let w be (-1 - 8/(-4)*-1)/(-1). Is (-6)/(-4) - w/(18/(-3237)) a prime number?
True
Let t(v) = -v**3 - 2*v**2 - 53*v - 57. Is t(-23) a composite number?
True
Let d be -50*((-2)/3 + (-16)/30). Suppose 572 = 2*c - 5*x - d, 3*c + 3*x - 990 = 0. Is c a composite number?
True
Let x = -689 + 1440. Is x a composite number?
False
Suppose t = 4*t. Let q(m) = -m**3 - m**2 + 67. Is q(t) a prime number?
True
Suppose 7840 = 14*a - 4242. Is a prime?
True
Let a be 3 + (1 + 0)/(-1). Suppose 523 = 4*h + o, -4*h + 265 = -a*h - 3*o. Is h composite?
False
Suppose 0 = -5*m + 1 + 54. Suppose 9*f - m*f = -502. Is f a prime number?
True
Suppose -2*v + 2197 = n + v, -5*v + 6599 = 3*n. Is n a prime number?
True
Let w be -1538*(5 - (-1 - -5)). Is (-75)/(-15) - (w + 0) composite?
False
Let b be (-128)/(-40)*(1 - -4). Let w be (-53)/(-11) + b/88. Suppose w*x - 1015 = 750. Is x a composite number?
False
Suppose 0 = y - 932 - 302. Let u = y + 43. Is u a prime number?
True
Let y = 54 + -291. Let p = y - -540. Is p a prime number?
False
Let m = 284 - 643. Let n = -673 - m. Is (n/(-3))/(4/6) composite?
False
Let d(g) = 898*g**2 + 1. Is d(-4) composite?
False
Suppose 4*s - 1452 - 768 = 0. Suppose 2*d + s = 7*d. Is d composite?
True
Let p(k) = -2*k**2 - 2*k + 2. Let q be p(-3). Let x = q - -10. Is x + 2/(8/4348) a prime number?
True
Suppose 0 = -3*i + 4*i + 18. Let o be 2 + (i/(-2))/(-3). Is (-1)/(o + (-26)/(-28)) a prime number?
False
Let g(l) = 9*l**3 + 4*l + 4. Let k be 3/(-60)*-4 - (-14)/5. Is g(k) composite?
True
Let k = 15769 - 4271. Is k prime?
False
Suppose 2*u - 1 = 5*p + 3*u, 5*u + 5 = -5*p. Let n(r) = 5*r + 2407. Is n(p) composite?
True
Let p = -2266 + 9553. Suppose 0*o = 7*o - p. Is o a composite number?
True
Let m be (-1 + (-4)/(-8))*-10. Suppose -u = 5*j + 4*u - 5, 2*j = -5*u + m. Suppose -2*k + 3*k - 85 = j. Is k composite?
True
Suppose -3*f + 1164 = 2*t, 0 = -f + t - 0*t + 388. Suppose 154 = 2*b - f. Is b a prime number?
True
Let x be 286448/(-80) + (-4)/10. Let d = x + 6586. Is d a composite number?
True
Let b = 6 + -2. Suppose -5*y = 2*j - 0*j - 112, -y = b*j - 206. Is j a prime number?
False
Let c(p) = -101*p - 30. Let h(u) = 11*u + 4. Let f be h(-1). Is c(f) composite?
False
Is ((-2892936)/(-60)*5)/2 composite?
False
Suppose -10 = -0*w - 5*w. Suppose 3 - 9 = -3*m. Is 211 - (w/m - 1) composite?
False
Suppose -648 = -a - v, -3 + 7 = -4*v. Suppose 10*s - 61 - a = 0. Is s composite?
False
Is 32434/((-60)/(-6) - 8) a composite number?
False
Suppose -21*b = -18*b - 9. Let d be (0 - -70) + 2/(-2). Suppose 4*t - b + 13 = 2*n, -t + d = 5*n. Is n a composite number?
False
Suppose -3*p = -3*u - 3, 2*u = -0*u. Let m(g) = g**3 - p - 42*g**2 - 9*g + 48*g**2 + 2*g**3. Is m(5) a prime number?
True
Suppose 2*l + 2*n - 542 = 0, -3*l + 1080 = l + 5*n. Suppose 0 = -p + 3*q + 431, 3*p - 2*q + l = 1540. Is p prime?
True
Let p = 4 - 8. Let t(r) = 7*r**2 + 9*r + 6. Let i be t(p). Is i/2 + 8/(-2) a composite number?
False
Let m(y) = 16*y**2. Let w be m(1). Suppose 15 = 3*q + 3*k, q + 3*q - w = -2*k. Suppose -q*u + 6*u = -2*o + 325, 0 = 2*u - 3*o - 221. Is u composite?
False
Suppose 3*m + 4411 = 4*m. Is m composite?
True
Is (-3)/((-18)/9614) - (-148)/222 a prime number?
False
Suppose 5664 = 5*a - 181. Is a composite?
True
Let l = -97 - -5876. Is l a prime number?
True
Suppose 8*f - 32848 = -8*f. Is f a prime number?
True
Suppose 3*r - 5*v + 1054 = 2*r, 0 = 4*r - 4*v + 4264. Let y = -620 - r. Is y composite?
False
Let q = -75 + 54. Let i(u) = 2*u**2 + 26*u - 29. Is i(q) a composite number?
False
Let i(m) = -7*m - 1. Let j be i(-1). Is (-426)/4*(-28)/j a prime number?
False
Suppose -10 = -4*r - 2*f, -5*r + 6 = f - 2. Suppose 4*b + r + 3 = 0. Is ((-33)/2)/(b/2) prime?
False
Let l be ((-4)/(-3))/((-6)/(-27)). Let g be (-588)/(-20) - l/15. Let a = 29 + g. Is a a composite number?
True
Let c = 6897 + 22469. Is c a composite number?
True
Let h(r) = -2*r - 15. Let w be h(-10). Suppose 636 = w*n - n. Is n composite?
True
Suppose -10909 = -3*v + 4*i, i - 1 = 4. Is v prime?
True
Is (-2)/15 + (-17202)/(-90) composite?
False
Let c(g) be the third derivative of -g**4/8 - g**3/3 - 4*g**2. Let q be c(-15). Is q + 2 - (-7 + 5) a prime number?
True
Let l = 1 - 1. Suppose 0 = c + 5*v + 17, l*c - v - 13 = -3*c. Suppose 200 + c = o. Is o a prime number?
False
Suppose b + 2*s - 4*s - 9 = 0, 0 = 3*b + 4*s - 7. Suppose -b*f + 117 = -2*f. Is -3 + 2 + f - 1 prime?
True
Let g be (-3)/(-1) + (4 - -18). Suppose 0*d = 5*d - g. Suppose -d*i + 1257 = -2*i. Is i prime?
True
Let d(u) = 84*u**2 + u. Suppose -5 = -3*c + 2*f, 25 = -3*c + 4*c + 4*f. Suppose s = -4 + c. Is d(s) composite?
True
Suppose -4*b = 13 - 121. Let d = b - -15. Let j = 73 - d. Is j prime?
True
Let z(a) = -a**3 - 4*a**2 + 6*a - 5. Let c be z(-5). Let x = c - -13. Is -3 - (1 - 44) - x prime?
True
Let b(j) = -j**3 + 6*j**2 + 8*j + 5. Let a be b(7). Suppose a = -4*k - 5*z, 0 = -7*z + 3*z - 16. Is (-4 - -3) + 190*k a composite number?
False
Let b = -2828 - -4251. Is b a composite number?
False
Suppose 17*g - 21*g + 16 = 0. Suppose g*o = -2*a + 418, o = 4*a + 4*o - 841. Is a composite?
False
Let f = -65 - -175. Let i(q) = f*q + 118*q - 5 - 53*q + 1. Is i(3) prime?
True
Is ((-12)/(-24))/(2/(-16)) - -2207 a composite number?
False
Let f(z) = -22*z + 153. Is f(-7) composite?
False
Let k = 11974 - -17469. Is k composite?
False
Let h be -2 + 2 + (-3)/3. Let t be 10 + h + -2 - -3. Suppose 2*f - 384 = -t. Is f prime?
False
Suppose -972 = -11*g + 6860. Suppose 3*r = -n + g, -2*n + 0*r + 1445 = -r. Is n composite?
True
Suppose 0 = 5*u - 9 - 56. Suppose u = -0*m - m. Is (-1)/((-2)/m)*-6 composite?
True
Suppose -2*w - 4*n = 0, w - 4*n = n. Suppose w = -2*f + 3566 + 540. Is f composite?
False
Let i be 8/(-60)*-5*6. Suppose 2*z = 5*g - 6389, -8*z = -3*g - i*z + 3839. Is g prime?
True
Let m(q) = 508*q**2 - 24*q - 53. Is m(-7) prime?
False
Let d(t) = 136*t**2 - 17*t - 56. Is d(-9) a composite number?
False
Let f(s) = -95*s**3 + 6*s**2 + 7*s + 2. Let b be f(-3). Let c be b/8 - (2 + 1). Let g = -159 + c. Is g a prime number?
True
Let m(n) = -2*n**2 + 2*n - 6. Let i be m(12). Let k = 721 + i. Is k a composite number?
True
Let m(j) = 63*j**2 - j - 11. Is m(-7) prime?
True
Let l(o) = 29*o**2 + 4*o - 132. Is l(-13) composite?
True
Let z = 9 - 3. Let r be (1 + 6)*z/21. Suppose -3*a + 42 = r*a - 4*s, -s - 28 = -3*a. Is a a composite number?
True
Suppose 0*n = 3*n - 54. Let p = n + -14. Is 23/p*(34 - 14) composite?
True
Suppose -2*v + 5*h = -4562, 2832 = v - 3*h + 553. Is v a composite number?
True
Suppose -5*j - 29581 - 25509 = -5*k, 3*k = -4*j + 33047. Is k composite?
True
Let j = -4767 - -10178. Is j composite?
True
Let i(m) = -m**2 + 17*m + 4. Let n be i(16). Let k be 4985/n + 12/16. Suppose 0 = -2*w + 2*c + 244, 4*c + k - 8 = 2*w. Is w composite?
True
Suppose 23*w - 713106 + 236017 = 0. Is w a composite number?
False
Let n be (-1)/6 - 102/36. Let z = 6 + n. Is z composite?
False
Let x(v) = -5*v + 2*v + 2*v + v**3 + 34 + 3*v**2. Is x(7) prime?
False
Let p(z) = 830*z + 55. Is p(26) a prime number?
False
Suppose 8 = -4*o + 6*o. Suppose -o*y = y - 5215. Is y a prime number?
False
Let w = 16 + -12. Let y = w + 27. Is y a prime number?
True
Suppose -9*c = -11*c. Suppose c = 2*y, -3*x = 2*y - 6*y - 1